{"id":2033,"date":"2025-01-19T22:35:53","date_gmt":"2025-01-19T22:35:53","guid":{"rendered":"https:\/\/hypnosse.ro\/shop\/?post_type=product&#038;p=2033"},"modified":"2025-01-19T22:36:33","modified_gmt":"2025-01-19T22:36:33","slug":"ak47-prada","status":"publish","type":"product","link":"https:\/\/hypnosse.ro\/shop\/product\/ak47-prada\/","title":{"rendered":"AK47 PRADA"},"content":{"rendered":"<p>&nbsp;<\/p>\n<p>Aceast\u0103 lucrare puternic\u0103 combin\u0103 imaginea unui AK47 cu sigla PRADA, \u00eentr-un contrast dramatic de alb \u0219i negru. O combina\u021bie surprinz\u0103toare \u00eentre violen\u021b\u0103 \u0219i lux, care provoac\u0103 g\u00e2ndirea asupra contrastelor dintre putere \u0219i elegan\u021b\u0103 \u00een societatea modern\u0103.<\/p>\n<p>Un tablou provocator ce exploreaz\u0103 contrastul dintre putere \u0219i sofisticare!<\/p>\n<p>90\/70cm<\/p>\n","protected":false},"excerpt":{"rendered":"<p>&nbsp;<\/p>\n<p>Un tablou provocator ce exploreaz\u0103 contrastul dintre putere \u0219i sofisticare!<\/p>\n","protected":false},"featured_media":2040,"comment_status":"open","ping_status":"closed","template":"","meta":[],"etheme_brands":[],"product_brand":[],"product_cat":[30],"product_tag":[],"class_list":{"0":"post-2033","1":"product","2":"type-product","3":"status-publish","4":"has-post-thumbnail","6":"product_cat-tablouri-personalizate-unicat","8":"first","9":"instock","10":"shipping-taxable","11":"purchasable","12":"product-type-simple"},"_links":{"self":[{"href":"https:\/\/hypnosse.ro\/shop\/wp-json\/wp\/v2\/product\/2033","targetHints":{"allow":["GET"]}}],"collection":[{"href":"https:\/\/hypnosse.ro\/shop\/wp-json\/wp\/v2\/product"}],"about":[{"href":"https:\/\/hypnosse.ro\/shop\/wp-json\/wp\/v2\/types\/product"}],"replies":[{"embeddable":true,"href":"https:\/\/hypnosse.ro\/shop\/wp-json\/wp\/v2\/comments?post=2033"}],"version-history":[{"count":2,"href":"https:\/\/hypnosse.ro\/shop\/wp-json\/wp\/v2\/product\/2033\/revisions"}],"predecessor-version":[{"id":2050,"href":"https:\/\/hypnosse.ro\/shop\/wp-json\/wp\/v2\/product\/2033\/revisions\/2050"}],"wp:featuredmedia":[{"embeddable":true,"href":"https:\/\/hypnosse.ro\/shop\/wp-json\/wp\/v2\/media\/2040"}],"wp:attachment":[{"href":"https:\/\/hypnosse.ro\/shop\/wp-json\/wp\/v2\/media?parent=2033"}],"wp:term":[{"taxonomy":"brand","embeddable":true,"href":"https:\/\/hypnosse.ro\/shop\/wp-json\/wp\/v2\/etheme_brands?post=2033"},{"taxonomy":"product_brand","embeddable":true,"href":"https:\/\/hypnosse.ro\/shop\/wp-json\/wp\/v2\/product_brand?post=2033"},{"taxonomy":"product_cat","embeddable":true,"href":"https:\/\/hypnosse.ro\/shop\/wp-json\/wp\/v2\/product_cat?post=2033"},{"taxonomy":"product_tag","embeddable":true,"href":"https:\/\/hypnosse.ro\/shop\/wp-json\/wp\/v2\/product_tag?post=2033"}],"curies":[{"name":"wp","href":"https:\/\/api.w.org\/{rel}","templated":true}]}}