{"id":2021,"date":"2025-01-19T22:28:39","date_gmt":"2025-01-19T22:28:39","guid":{"rendered":"https:\/\/hypnosse.ro\/shop\/?post_type=product&#038;p=2021"},"modified":"2025-01-19T22:29:10","modified_gmt":"2025-01-19T22:29:10","slug":"mcmoney","status":"publish","type":"product","link":"https:\/\/hypnosse.ro\/shop\/product\/mcmoney\/","title":{"rendered":"McMoney"},"content":{"rendered":"<p>&nbsp;<\/p>\n<p>Aceast\u0103 lucrare creativ\u0103 \u0219i simbolic\u0103 \u00eenlocuie\u0219te cartofii dintr-o cutie McDonald\u2019s cu euro rulati, suger\u00e2nd o reflec\u021bie asupra valorilor \u201enutri\u021bionale\u201d metaforice ale banilor \u00een societatea modern\u0103. Un comentariu artistic despre consum, prosperitate \u0219i schimbul economic, transform\u00e2nd un obiect familiar \u00eentr-o pies\u0103 profund\u0103 de art\u0103.<\/p>\n<p>O interpretare artistic\u0103 a valorii \u0219i consumului \u00een lumea contemporan\u0103!<\/p>\n<p>27\/27\/6cm<\/p>\n","protected":false},"excerpt":{"rendered":"<p>&nbsp;<\/p>\n<p>O interpretare artistic\u0103 a valorii \u0219i consumului \u00een lumea contemporan\u0103!<\/p>\n","protected":false},"featured_media":2024,"comment_status":"open","ping_status":"closed","template":"","meta":[],"etheme_brands":[],"product_brand":[],"product_cat":[30],"product_tag":[],"class_list":{"0":"post-2021","1":"product","2":"type-product","3":"status-publish","4":"has-post-thumbnail","6":"product_cat-tablouri-personalizate-unicat","8":"first","9":"instock","10":"shipping-taxable","11":"purchasable","12":"product-type-simple"},"_links":{"self":[{"href":"https:\/\/hypnosse.ro\/shop\/wp-json\/wp\/v2\/product\/2021","targetHints":{"allow":["GET"]}}],"collection":[{"href":"https:\/\/hypnosse.ro\/shop\/wp-json\/wp\/v2\/product"}],"about":[{"href":"https:\/\/hypnosse.ro\/shop\/wp-json\/wp\/v2\/types\/product"}],"replies":[{"embeddable":true,"href":"https:\/\/hypnosse.ro\/shop\/wp-json\/wp\/v2\/comments?post=2021"}],"version-history":[{"count":2,"href":"https:\/\/hypnosse.ro\/shop\/wp-json\/wp\/v2\/product\/2021\/revisions"}],"predecessor-version":[{"id":2029,"href":"https:\/\/hypnosse.ro\/shop\/wp-json\/wp\/v2\/product\/2021\/revisions\/2029"}],"wp:featuredmedia":[{"embeddable":true,"href":"https:\/\/hypnosse.ro\/shop\/wp-json\/wp\/v2\/media\/2024"}],"wp:attachment":[{"href":"https:\/\/hypnosse.ro\/shop\/wp-json\/wp\/v2\/media?parent=2021"}],"wp:term":[{"taxonomy":"brand","embeddable":true,"href":"https:\/\/hypnosse.ro\/shop\/wp-json\/wp\/v2\/etheme_brands?post=2021"},{"taxonomy":"product_brand","embeddable":true,"href":"https:\/\/hypnosse.ro\/shop\/wp-json\/wp\/v2\/product_brand?post=2021"},{"taxonomy":"product_cat","embeddable":true,"href":"https:\/\/hypnosse.ro\/shop\/wp-json\/wp\/v2\/product_cat?post=2021"},{"taxonomy":"product_tag","embeddable":true,"href":"https:\/\/hypnosse.ro\/shop\/wp-json\/wp\/v2\/product_tag?post=2021"}],"curies":[{"name":"wp","href":"https:\/\/api.w.org\/{rel}","templated":true}]}}