{"id":2014,"date":"2025-01-19T22:25:06","date_gmt":"2025-01-19T22:25:06","guid":{"rendered":"https:\/\/hypnosse.ro\/shop\/?post_type=product&#038;p=2014"},"modified":"2025-01-19T22:29:29","modified_gmt":"2025-01-19T22:29:29","slug":"golden-bitcoin","status":"publish","type":"product","link":"https:\/\/hypnosse.ro\/shop\/product\/golden-bitcoin\/","title":{"rendered":"Golden Bitcoin"},"content":{"rendered":"<p>Euro, Bitcoin \u0219i cartu\u0219e<\/p>\n<p>Aceast\u0103 lucrare combin\u0103 simboluri ale bog\u0103\u021biei \u0219i tehnologiei moderne, reflect\u00e2nd conexiunile dintre finan\u021bele tradi\u021bionale, criptomonede \u0219i riscurile asociate.<\/p>\n<p>O pies\u0103 provocatoare despre putere \u0219i evolu\u021bia economic\u0103!<\/p>\n<p>20\/15cm<\/p>\n","protected":false},"excerpt":{"rendered":"<p>O pies\u0103 provocatoare despre putere \u0219i evolu\u021bia economic\u0103!<\/p>\n","protected":false},"featured_media":2017,"comment_status":"open","ping_status":"closed","template":"","meta":[],"etheme_brands":[],"product_brand":[],"product_cat":[30],"product_tag":[],"class_list":{"0":"post-2014","1":"product","2":"type-product","3":"status-publish","4":"has-post-thumbnail","6":"product_cat-tablouri-personalizate-unicat","8":"first","9":"instock","10":"shipping-taxable","11":"purchasable","12":"product-type-simple"},"_links":{"self":[{"href":"https:\/\/hypnosse.ro\/shop\/wp-json\/wp\/v2\/product\/2014","targetHints":{"allow":["GET"]}}],"collection":[{"href":"https:\/\/hypnosse.ro\/shop\/wp-json\/wp\/v2\/product"}],"about":[{"href":"https:\/\/hypnosse.ro\/shop\/wp-json\/wp\/v2\/types\/product"}],"replies":[{"embeddable":true,"href":"https:\/\/hypnosse.ro\/shop\/wp-json\/wp\/v2\/comments?post=2014"}],"version-history":[{"count":2,"href":"https:\/\/hypnosse.ro\/shop\/wp-json\/wp\/v2\/product\/2014\/revisions"}],"predecessor-version":[{"id":2030,"href":"https:\/\/hypnosse.ro\/shop\/wp-json\/wp\/v2\/product\/2014\/revisions\/2030"}],"wp:featuredmedia":[{"embeddable":true,"href":"https:\/\/hypnosse.ro\/shop\/wp-json\/wp\/v2\/media\/2017"}],"wp:attachment":[{"href":"https:\/\/hypnosse.ro\/shop\/wp-json\/wp\/v2\/media?parent=2014"}],"wp:term":[{"taxonomy":"brand","embeddable":true,"href":"https:\/\/hypnosse.ro\/shop\/wp-json\/wp\/v2\/etheme_brands?post=2014"},{"taxonomy":"product_brand","embeddable":true,"href":"https:\/\/hypnosse.ro\/shop\/wp-json\/wp\/v2\/product_brand?post=2014"},{"taxonomy":"product_cat","embeddable":true,"href":"https:\/\/hypnosse.ro\/shop\/wp-json\/wp\/v2\/product_cat?post=2014"},{"taxonomy":"product_tag","embeddable":true,"href":"https:\/\/hypnosse.ro\/shop\/wp-json\/wp\/v2\/product_tag?post=2014"}],"curies":[{"name":"wp","href":"https:\/\/api.w.org\/{rel}","templated":true}]}}