{"id":1941,"date":"2025-01-19T21:25:51","date_gmt":"2025-01-19T21:25:51","guid":{"rendered":"https:\/\/hypnosse.ro\/shop\/?post_type=product&#038;p=1941"},"modified":"2025-01-19T21:25:51","modified_gmt":"2025-01-19T21:25:51","slug":"pinocchio-fairy","status":"publish","type":"product","link":"https:\/\/hypnosse.ro\/shop\/product\/pinocchio-fairy\/","title":{"rendered":"Pinocchio &#038; Fairy"},"content":{"rendered":"<p>Tablou unicat cu Pinocchio \u0219i z\u00e2na blond\u0103<\/p>\n<p>Aceast\u0103 lucrare pictat\u0103 manual surprinde o scen\u0103 juc\u0103u\u0219\u0103 \u00een care z\u00e2na blond\u0103 \u201em\u0103n\u00e2nc\u0103\u201d nasul lui Pinocchio, aduc\u00e2nd un strop de umor \u0219i originalitate oric\u0103rui spa\u021biu.<\/p>\n<p>Arta care aduce z\u00e2mbete!<\/p>\n<p>&nbsp;<\/p>\n<p>Dimensiuni: 120cm\/100cm<\/p>\n","protected":false},"excerpt":{"rendered":"<p>Tablou unicat cu Pinocchio \u0219i z\u00e2na blond\u0103<\/p>\n<p>Arta care aduce z\u00e2mbete!<\/p>\n","protected":false},"featured_media":1948,"comment_status":"open","ping_status":"closed","template":"","meta":[],"etheme_brands":[],"product_brand":[],"product_cat":[33],"product_tag":[],"class_list":{"0":"post-1941","1":"product","2":"type-product","3":"status-publish","4":"has-post-thumbnail","6":"product_cat-canvas-tablouri","8":"first","9":"instock","10":"shipping-taxable","11":"purchasable","12":"product-type-simple"},"_links":{"self":[{"href":"https:\/\/hypnosse.ro\/shop\/wp-json\/wp\/v2\/product\/1941","targetHints":{"allow":["GET"]}}],"collection":[{"href":"https:\/\/hypnosse.ro\/shop\/wp-json\/wp\/v2\/product"}],"about":[{"href":"https:\/\/hypnosse.ro\/shop\/wp-json\/wp\/v2\/types\/product"}],"replies":[{"embeddable":true,"href":"https:\/\/hypnosse.ro\/shop\/wp-json\/wp\/v2\/comments?post=1941"}],"version-history":[{"count":1,"href":"https:\/\/hypnosse.ro\/shop\/wp-json\/wp\/v2\/product\/1941\/revisions"}],"predecessor-version":[{"id":1950,"href":"https:\/\/hypnosse.ro\/shop\/wp-json\/wp\/v2\/product\/1941\/revisions\/1950"}],"wp:featuredmedia":[{"embeddable":true,"href":"https:\/\/hypnosse.ro\/shop\/wp-json\/wp\/v2\/media\/1948"}],"wp:attachment":[{"href":"https:\/\/hypnosse.ro\/shop\/wp-json\/wp\/v2\/media?parent=1941"}],"wp:term":[{"taxonomy":"brand","embeddable":true,"href":"https:\/\/hypnosse.ro\/shop\/wp-json\/wp\/v2\/etheme_brands?post=1941"},{"taxonomy":"product_brand","embeddable":true,"href":"https:\/\/hypnosse.ro\/shop\/wp-json\/wp\/v2\/product_brand?post=1941"},{"taxonomy":"product_cat","embeddable":true,"href":"https:\/\/hypnosse.ro\/shop\/wp-json\/wp\/v2\/product_cat?post=1941"},{"taxonomy":"product_tag","embeddable":true,"href":"https:\/\/hypnosse.ro\/shop\/wp-json\/wp\/v2\/product_tag?post=1941"}],"curies":[{"name":"wp","href":"https:\/\/api.w.org\/{rel}","templated":true}]}}