{"id":1906,"date":"2025-01-19T20:40:03","date_gmt":"2025-01-19T20:40:03","guid":{"rendered":"https:\/\/hypnosse.ro\/shop\/?post_type=product&#038;p=1906"},"modified":"2025-01-19T22:09:03","modified_gmt":"2025-01-19T22:09:03","slug":"scrooge-mcduck","status":"publish","type":"product","link":"https:\/\/hypnosse.ro\/shop\/product\/scrooge-mcduck\/","title":{"rendered":"Scrooge McDuck"},"content":{"rendered":"<p>Tablou unicat cu Scrooge McDuck juc\u00e2nd poker<\/p>\n<p>Aceast\u0103 lucrare \u00a0\u00eel surprinde pe Scrooge McDuck \u00eentr-o atmosfer\u0103 relaxat\u0103, juc\u00e2nd poker, fum\u00e2nd un trabuc \u0219i savur\u00e2nd un pahar de whisky. Pictat manual pe canvas, o pies\u0103 unic\u0103, plin\u0103 de caracter \u0219i elegan\u021b\u0103!<\/p>\n<p>Dimensiuni: 60cm\/50cm<\/p>\n","protected":false},"excerpt":{"rendered":"<p>Tablou unicat cu Scrooge McDuck juc\u00e2nd poker<\/p>\n<p>&nbsp;<\/p>\n","protected":false},"featured_media":1907,"comment_status":"open","ping_status":"closed","template":"","meta":[],"etheme_brands":[],"product_brand":[],"product_cat":[33],"product_tag":[],"class_list":{"0":"post-1906","1":"product","2":"type-product","3":"status-publish","4":"has-post-thumbnail","6":"product_cat-canvas-tablouri","8":"first","9":"instock","10":"shipping-taxable","11":"purchasable","12":"product-type-simple"},"_links":{"self":[{"href":"https:\/\/hypnosse.ro\/shop\/wp-json\/wp\/v2\/product\/1906","targetHints":{"allow":["GET"]}}],"collection":[{"href":"https:\/\/hypnosse.ro\/shop\/wp-json\/wp\/v2\/product"}],"about":[{"href":"https:\/\/hypnosse.ro\/shop\/wp-json\/wp\/v2\/types\/product"}],"replies":[{"embeddable":true,"href":"https:\/\/hypnosse.ro\/shop\/wp-json\/wp\/v2\/comments?post=1906"}],"version-history":[{"count":3,"href":"https:\/\/hypnosse.ro\/shop\/wp-json\/wp\/v2\/product\/1906\/revisions"}],"predecessor-version":[{"id":1913,"href":"https:\/\/hypnosse.ro\/shop\/wp-json\/wp\/v2\/product\/1906\/revisions\/1913"}],"wp:featuredmedia":[{"embeddable":true,"href":"https:\/\/hypnosse.ro\/shop\/wp-json\/wp\/v2\/media\/1907"}],"wp:attachment":[{"href":"https:\/\/hypnosse.ro\/shop\/wp-json\/wp\/v2\/media?parent=1906"}],"wp:term":[{"taxonomy":"brand","embeddable":true,"href":"https:\/\/hypnosse.ro\/shop\/wp-json\/wp\/v2\/etheme_brands?post=1906"},{"taxonomy":"product_brand","embeddable":true,"href":"https:\/\/hypnosse.ro\/shop\/wp-json\/wp\/v2\/product_brand?post=1906"},{"taxonomy":"product_cat","embeddable":true,"href":"https:\/\/hypnosse.ro\/shop\/wp-json\/wp\/v2\/product_cat?post=1906"},{"taxonomy":"product_tag","embeddable":true,"href":"https:\/\/hypnosse.ro\/shop\/wp-json\/wp\/v2\/product_tag?post=1906"}],"curies":[{"name":"wp","href":"https:\/\/api.w.org\/{rel}","templated":true}]}}